{"id":69,"date":"2016-11-12T14:37:42","date_gmt":"2016-11-12T14:37:42","guid":{"rendered":"http:\/\/buerosysteme-fassbach.de\/?page_id=69"},"modified":"2020-10-13T09:36:53","modified_gmt":"2020-10-13T09:36:53","slug":"reparaturservice","status":"publish","type":"page","link":"https:\/\/buerosysteme-fassbach.de\/?page_id=69","title":{"rendered":"Reparaturservice"},"content":{"rendered":"<p><strong>Gern reparieren wir Ihre M\u00f6bel und St\u00fchle<\/strong><\/p>\n<p><strong>Ihre Vorteile<\/strong><\/p>\n<ul>\n<li>Einfache Reparaturanfrage per Telefon, Fax oder\u00a0<a href=\"mailto:info@buerosysteme-fassbach.de\">email<\/a>.<\/li>\n<li>Schnelle Reaktionszeiten aufgrund r\u00e4umlicher N\u00e4he in und um Solingen.<\/li>\n<li>Transparente Kostenaufstellung.<\/li>\n<li>Enge Zusammenarbeit mit Herstellern und kurzer Zugriff auf Ersatzteile.<\/li>\n<\/ul>\n<p><img loading=\"lazy\" decoding=\"async\" class=\"alignnone wp-image-79\" src=\"http:\/\/buerosysteme-fassbach.de\/wp-content\/uploads\/2016\/11\/werkz.jpg\" alt=\"werkz\" width=\"148\" height=\"118\" \/><br \/>\n<strong>Ablauf<\/strong><\/p>\n<ul>\n<li>Sie melden uns einen Schaden oder Garantiefall per Telefon, Fax oder email.<\/li>\n<li>Wir stellen gezielte Fragen, um unn\u00f6tige Fahrten und Arbeitszeiten zu vermeiden und im Voraus Details zu kl\u00e4ren.<\/li>\n<li>Bei Bedarf sehen wir uns den Schaden vor Ort an.<\/li>\n<li>Wenn n\u00f6tig erhalten Sie ein transparentes Angebot \u00fcber die Kosten der Reparatur.<\/li>\n<li>Der Ablauf der Reparatur wird besprochen und entsprechend durchgef\u00fchrt.<\/li>\n<\/ul>\n<p>Nat\u00fcrlich k\u00f6nnen wir nicht alles reparieren. Wenn wir ein Fabrikat nicht f\u00fchren oder Ersatzteile nicht lieferbar sind, bem\u00fchen wir uns trotzdem, Ihnen weiterzuhelfen. Einen Versuch ist es wert.<\/p>\n","protected":false},"excerpt":{"rendered":"<p>Gern reparieren wir Ihre M\u00f6bel und St\u00fchle Ihre Vorteile Einfache Reparaturanfrage per Telefon, Fax oder\u00a0email. Schnelle Reaktionszeiten aufgrund r\u00e4umlicher N\u00e4he in und um Solingen. Transparente Kostenaufstellung. Enge Zusammenarbeit mit Herstellern und kurzer Zugriff auf Ersatzteile. Ablauf Sie melden uns einen <span class=\"excerpt-dots\">&hellip;<\/span> <a class=\"more-link\" href=\"https:\/\/buerosysteme-fassbach.de\/?page_id=69\"><span class=\"more-msg\">Weiterlesen &rarr;<\/span><\/a><\/p>\n","protected":false},"author":1,"featured_media":0,"parent":0,"menu_order":0,"comment_status":"closed","ping_status":"closed","template":"","meta":{"footnotes":""},"class_list":["post-69","page","type-page","status-publish","hentry"],"_links":{"self":[{"href":"https:\/\/buerosysteme-fassbach.de\/index.php?rest_route=\/wp\/v2\/pages\/69","targetHints":{"allow":["GET"]}}],"collection":[{"href":"https:\/\/buerosysteme-fassbach.de\/index.php?rest_route=\/wp\/v2\/pages"}],"about":[{"href":"https:\/\/buerosysteme-fassbach.de\/index.php?rest_route=\/wp\/v2\/types\/page"}],"author":[{"embeddable":true,"href":"https:\/\/buerosysteme-fassbach.de\/index.php?rest_route=\/wp\/v2\/users\/1"}],"replies":[{"embeddable":true,"href":"https:\/\/buerosysteme-fassbach.de\/index.php?rest_route=%2Fwp%2Fv2%2Fcomments&post=69"}],"version-history":[{"count":8,"href":"https:\/\/buerosysteme-fassbach.de\/index.php?rest_route=\/wp\/v2\/pages\/69\/revisions"}],"predecessor-version":[{"id":1009,"href":"https:\/\/buerosysteme-fassbach.de\/index.php?rest_route=\/wp\/v2\/pages\/69\/revisions\/1009"}],"wp:attachment":[{"href":"https:\/\/buerosysteme-fassbach.de\/index.php?rest_route=%2Fwp%2Fv2%2Fmedia&parent=69"}],"curies":[{"name":"wp","href":"https:\/\/api.w.org\/{rel}","templated":true}]}}